n base 13, what is ac906 - -20?
ac926
In base 9, what is 146888 + 3424?
151423
In base 2, what is -10101 + -100110010100010010101000?
-100110010100010010111101
In base 13, what is 95a3 - 18a?
9416
In base 16, what is 1 + -30b951?
-30b950
In base 15, what is ea1 + aeac?
be5d
In base 16, what is -10cf9d - -e?
-10cf8f
In base 5, what is 1043341223 - -1?
1043341224
In base 4, what is 1011113321 + 223020?
1012003001
In base 8, what is 1 + 322135065?
322135066
In base 2, what is 101 - -1011001101110001110111?
1011001101110001111100
In base 15, what is 3 + -5ad488?
-5ad485
In base 2, what is 1101111011 + -10001000110000000?
-10000111000000101
In base 5, what is -200244022 + -21?
-200244043
In base 7, what is -1511361 + -66?
-1511460
In base 13, what is -1064 - 1a?
-1081
In base 7, what is 36410 + -5436?
30641
In base 12, what is 4 + 348995b4?
348995b8
In base 3, what is -1000 + 100012011200?
100012010200
In base 16, what is -16ff58d + c?
-16ff581
In base 3, what is 1010202202110021102 - 11?
1010202202110021021
In base 15, what is 31 + 9ee47?
9ee78
In base 3, what is 22 + -12220120122212?
-12220120122120
In base 8, what is -1 + -64413362?
-64413363
In base 7, what is 3 - -54414613?
54414616
In base 5, what is -3212100 - -421033?
-2241012
In base 3, what is -220221012020 - -111?
-220221011202
In base 6, what is 20533 + 40331?
101304
In base 8, what is -104545 - 573?
-105340
In base 14, what is -73 + -8070?
-8103
In base 7, what is -20 + -13401341?
-13401361
In base 2, what is -1011010010011 + -10000001011?
-1101010011110
In base 11, what is 2436aa + 1998?
245597
In base 11, what is -2625592 - -21?
-2625571
In base 12, what is -15 + 1b295a8?
1b29593
In base 10, what is 30 + 7146898?
7146928
In base 13, what is 3a0 - 3a42?
-3672
In base 16, what is 38 + -69f?
-667
In base 7, what is -4112362 - 6?
-4112401
In base 16, what is 4dc4880 - -4?
4dc4884
In base 8, what is 1 + 24564505?
24564506
In base 3, what is -112021021 + -1100?
-112022121
In base 14, what is -4 - 12823d7?
-12823db
In base 4, what is -13012331 - -32321?
-12320010
In base 7, what is 20120134 - -4?
20120141
In base 15, what is 2 + -23be8a?
-23be88
In base 9, what is -1837 + 44760?
42822
In base 13, what is -48b290 + b?
-48b282
In base 4, what is -130 - 10130011322?
-10130012112
In base 8, what is -56021346 - 6?
-56021354
In base 14, what is -27ab62 + 181?
-27a9c1
In base 11, what is 77605 - 4740?
72975
In base 9, what is 138610 + -6301?
132308
In base 2, what is 101100100111010110101110 - 11?
101100100111010110101011
In base 7, what is -1 + -102413415?
-102413416
In base 15, what is -1c - 694470?
-69448c
In base 13, what is 32 + -112045?
-112013
In base 2, what is 110101001 - 110000010110111?
-101111100001110
In base 9, what is 33602 - 11751?
21741
In base 13, what is -274c5743 + 2?
-274c5741
In base 14, what is 10d + -980c?
-96dd
In base 13, what is 3 - 33960?
-3395a
In base 11, what is 3488 + -287a?
709
In base 6, what is -1155 + 42000411?
41555212
In base 12, what is -b9 - -51b917?
51b81a
In base 15, what is -1aae7 - -248?
-1a89e
In base 9, what is -338 + -883454?
-883803
In base 10, what is -11879 - -10717?
-1162
In base 5, what is 32004233320 + -2?
32004233313
In base 7, what is 11130 + 1361?
12521
In base 12, what is 332 + 676?
9a8
In base 2, what is -110001010111011010110 + 1001?
-110001010111011001101
In base 7, what is 30632131510 - 4?
30632131503
In base 8, what is 77210135 + 0?
77210135
In base 12, what is 4 + -24542298?
-24542294
In base 6, what is 35243544 - 105?
35243435
In base 11, what is -1128415 - 19?
-1128433
In base 2, what is 1111000011111011 - 1111110000?
1110110100001011
In base 11, what is -1 + -11611395?
-11611396
In base 7, what is 5 - 200034555?
-200034550
In base 14, what is 8d0 + 497?
d87
In base 9, what is -62660 - 486?
-63256
In base 8, what is 2 + -204265000?
-204264776
In base 8, what is 31051 + 13407?
44460
In base 6, what is -14455440532 - 5?
-14455440541
In base 15, what is 5 - -191555?
19155a
In base 15, what is -1c58 + -33d?
-2096
In base 6, what is 123422010115 - -5?
123422010124
In base 2, what is -101110101011010100 + 1101100?
-101110101001101000
In base 8, what is -130202605 - -1?
-130202604
In base 14, what is a9cc4 + -3?
a9cc1
In base 15, what is -1d6 + -2b8b8?
-2ba9e
In base 14, what is 44889701 - -5?
44889706
In base 6, what is -42504 - -54213?
11305
In base 3, what is 12 - -101020221000111122?
101020221000111211
In base 7, what is 2300 + -1416?
551
In base 3, what is -12021111012 + -1110201?
-12022221220
In base 5, what is 22002133322 + -4?
22002133313
In base 9, what is -103817 - 3066?
-106884
In base 13, what is 135 + 22008?
22140
In base 4, what is 21121220320 - 11?
21121220303
In base 16, what is af853a + -2?
af8538
In base 12, what is 5 - 2b813724?
-2b81371b
In base 5, what is -2030430132 + 13?
-2030430114
In base 10, what is 1269 - 120951?
-119682
In base 5, what is 10434 + -121041?
-110102
In base 11, what is -127 - aa5268?
-aa5394
In base 16, what is e - 16d234?
-16d226
In base 6, what is -20 - 3042104221?
-3042104241
In base 2, what is -11011 - 1010001101100011001000?
-1010001101100011100011
In base 2, what is 110111101010 - 101010010011000?
-100011010101110
In base 8, what is 3 - 24712645?
-24712642
In base 10, what is 3 + 217745?
217748
In base 13, what is -72c + -2888?
-32b7
In base 13, what is 7 - -7acc4?
7accb
In base 3, what is -1 + 101211121212?
101211121211
In base 13, what is -a18b2 + -1?
-a18b3
In base 15, what is -7c4 - -13c8?
b04
In base 12, what is -b784 - 287?
-ba4b
In base 12, what is 3 + 2aab150?
2aab153
In base 13, what is -1b270 + -240a?
-2067a
In base 4, what is -221131 + -301120?
-1122311
In base 4, what is 0 + 1211301110112?
1211301110112
In base 13, what is -102 - -26464?
26362
In base 5, what is -12133 - 12130320?
-12143003
In base 4, what is 12 + 110032101323?
110032102001
In base 4, what is 222221021120 + -3?
222221021111
In base 3, what is 1212012011112220 + -1?
1212012011112212
In base 5, what is 4444444 - -23300?
10023244
In base 3, what is 102212111 + 210?
102220021
In base 12, what is -5 - -1a306855?
1a306850
In base 14, what is 2adcbc + -8?
2adcb4
In base 4, what is 23312231 + -3011?
23303220
In base 14, what is -513 + b5aa9?
b5596
In base 12, what is 19b6625 + -1a?
19b6607
In base 3, what is -210200020011 + 21212?
-210122221022
In base 16, what is 182b14f1 + 4?
182b14f5
In base 15, what is 130cd49 + 5?
130cd4e
In base 10, what is 9138560 + -7?
9138553
In base 4, what is 200 + 30100313310?
30100320110
In base 3, what is -11 - -100121002222211001?
100121002222210220
In base 13, what is -7534 + -3786?
-acba
In base 4, what is -100221231 - -222013?
-33333212
In base 2, what is -1000 - 1101001010001111011011001?
-1101001010001111011100001
In base 15, what is 8e0 + 11ed?
1add
In base 2, what is -1010010010000010011111001101 + -10?
-1010010010000010011111001111
In base 6, what is 102531 - 2514?
100013
In base 2, what is -101001 + -100000100110110?
-100000101011111
In base 7, what is 63 - 2032124?
-2032031
In base 16, what is 9 + -481c3c?
-481c33
In base 6, what is 2303114 - -420?
2303534
In base 7, what is -31601546 - 1?
-31601550
In base 5, what is -4 - -20310122?
20310113
In base 7, what is -63652323 - -114?
-63652206
In base 4, what is -1 - 2203313133001?
-2203313133002
In base 3, what is 2 - -11112121222100201?
11112121222100210
In base 16, what is -3435eb + 21?
-3435ca
In base 7, what is 11530 + 250101?
261631
In base 4, what is -2202311120 + 3320?
-2202301200
In base 14, what is 18 - 17ac49?
-17ac31
In base 11, what is -37 - 562a7?
-56333
In base 9, what is -45115 - -240?
-44765
In base 5, what is -144443 + -202420?
-402413
In base 8, what is -437 + 323620?
323161
In base 13, what is bb4 - -25c5c?
26b43
In base 16, what is 298 - -7bd?
a55
In base 16, what is -10 - 810c?
-811c
In base 15, what is -ee5c - 78b?
-106e8
In base 12, what is -777409 + -6?
-777413
In base 16, what is 62 - 18f80?
-18f1e
In base 16, what is -1c7814 - 198?
-1c79ac
In base 13, what is -2763 + 1227c?
c819
In base 5, what is -342140 + -4010120?
-4402310
In base 14, what is -b864 - 67d?
-c103
In base 11, what is -38 + -6a48?
-6a85
In base 15, what is -10 - 6ab7a2?
-6ab7b2
In base 3, what is -1220 + 20002112021?
20002110101
In base 4,